18 is divided by 320.
318
Calculate the remainder when 117589 is divided by 509.
10
Calculate the remainder when 1159 is divided by 87.
28
Calculate the remainder when 42134 is divided by 2006.
8
What is the remainder when 565 is divided by 129?
49
What is the remainder when 4557 is divided by 187?
69
What is the remainder when 24630 is divided by 20?
10
What is the remainder when 34575 is divided by 4938?
9
What is the remainder when 4696 is divided by 935?
21
What is the remainder when 19006 is divided by 3784?
86
What is the remainder when 34512 is divided by 17242?
28
What is the remainder when 519 is divided by 203?
113
What is the remainder when 5083 is divided by 78?
13
Calculate the remainder when 12956 is divided by 53.
24
What is the remainder when 597 is divided by 17?
2
Calculate the remainder when 323651 is divided by 20.
11
What is the remainder when 40617 is divided by 155?
7
What is the remainder when 54675 is divided by 1820?
75
What is the remainder when 14527 is divided by 158?
149
Calculate the remainder when 2334 is divided by 424.
214
Calculate the remainder when 68241 is divided by 149.
148
What is the remainder when 1701 is divided by 211?
13
Calculate the remainder when 44 is divided by 38.
6
Calculate the remainder when 390 is divided by 118.
36
What is the remainder when 59025 is divided by 726?
219
Calculate the remainder when 463 is divided by 15.
13
Calculate the remainder when 22689 is divided by 7556.
21
Calculate the remainder when 6234 is divided by 701.
626
Calculate the remainder when 3219 is divided by 202.
189
Calculate the remainder when 7610 is divided by 44.
42
What is the remainder when 2456 is divided by 153?
8
What is the remainder when 23050 is divided by 1549?
1364
Calculate the remainder when 217076 is divided by 270.
266
What is the remainder when 6754 is divided by 141?
127
What is the remainder when 5704 is divided by 1125?
79
What is the remainder when 2639 is divided by 1303?
33
Calculate the remainder when 57215 is divided by 561.
554
What is the remainder when 4784 is divided by 88?
32
What is the remainder when 33882 is divided by 1020?
222
Calculate the remainder when 36267 is divided by 9.
6
Calculate the remainder when 45103 is divided by 9020.
3
What is the remainder when 18365 is divided by 79?
37
What is the remainder when 62695 is divided by 220?
215
What is the remainder when 216915 is divided by 34?
29
Calculate the remainder when 126127 is divided by 127.
16
What is the remainder when 1871553 is divided by 719?
715
Calculate the remainder when 450 is divided by 102.
42
What is the remainder when 26988 is divided by 34?
26
What is the remainder when 4162323 is divided by 14?
11
What is the remainder when 19797 is divided by 1098?
33
What is the remainder when 31216 is divided by 233?
227
Calculate the remainder when 3595 is divided by 994.
613
What is the remainder when 772 is divided by 240?
52
What is the remainder when 216 is divided by 34?
12
Calculate the remainder when 5599 is divided by 5565.
34
What is the remainder when 19055 is divided by 55?
25
Calculate the remainder when 5788 is divided by 111.
16
What is the remainder when 1097 is divided by 881?
216
Calculate the remainder when 85011 is divided by 213.
24
What is the remainder when 172843 is divided by 48?
43
Calculate the remainder when 3062 is divided by 3062.
0
What is the remainder when 159395 is divided by 12259?
28
Calculate the remainder when 114391 is divided by 11430.
91
Calculate the remainder when 371806 is divided by 371798.
8
Calculate the remainder when 17754 is divided by 4419.
78
What is the remainder when 23722 is divided by 1836?
1690
Calculate the remainder when 388645 is divided by 634.
3
What is the remainder when 2992 is divided by 156?
28
Calculate the remainder when 5949 is divided by 12.
9
What is the remainder when 3115 is divided by 108?
91
What is the remainder when 5548 is divided by 1827?
67
What is the remainder when 7906 is divided by 155?
1
What is the remainder when 1869 is divided by 555?
204
What is the remainder when 49321 is divided by 43?
0
What is the remainder when 47205 is divided by 83?
61
Calculate the remainder when 7801 is divided by 217.
206
Calculate the remainder when 1752056 is divided by 14.
12
What is the remainder when 1608714 is divided by 5?
4
Calculate the remainder when 108175 is divided by 1273.
1243
Calculate the remainder when 60333 is divided by 1139.
1105
What is the remainder when 15231 is divided by 124?
103
What is the remainder when 105346 is divided by 2926?
10
Calculate the remainder when 7470 is divided by 686.
610
What is the remainder when 73274 is divided by 691?
28
What is the remainder when 82642 is divided by 2?
0
What is the remainder when 7255 is divided by 1097?
673
What is the remainder when 7804 is divided by 558?
550
What is the remainder when 12128 is divided by 6058?
12
Calculate the remainder when 553053 is divided by 7277.
1
Calculate the remainder when 21122 is divided by 7033.
23
Calculate the remainder when 1082 is divided by 202.
72
Calculate the remainder when 780897 is divided by 281.
279
What is the remainder when 202417 is divided by 144?
97
What is the remainder when 189970 is divided by 27134?
32
What is the remainder when 30155 is divided by 509?
124
What is the remainder when 8366 is divided by 19?
6
Calculate the remainder when 7747 is divided by 2970.
1807
Calculate the remainder when 8190 is divided by 2724.
18
Calculate the remainder when 39105 is divided by 2589.
270
Calculate the remainder when 2278146 is divided by 15.
6
Calculate the remainder when 270257 is divided by 10.
7
What is the remainder when 58961 is divided by 273?
266
What is the remainder when 435 is divided by 164?
107
What is the remainder when 10684 is divided by 39?
37
What is the remainder when 8061 is divided by 1611?
6
Calculate the remainder when 4708 is divided by 297.
253
What is the remainder when 36189 is divided by 87?
84
Calculate the remainder when 13393 is divided by 29.
24
Calculate the remainder when 1636 is divided by 202.
20
Calculate the remainder when 1291 is divided by 602.
87
Calculate the remainder when 1765 is divided by 297.
280
What is the remainder when 899 is divided by 52?
15
What is the remainder when 1848 is divided by 1819?
29
What is the remainder when 837903 is divided by 7?
3
What is the remainder when 18242 is divided by 18200?
42
Calculate the remainder when 515 is divided by 274.
241
What is the remainder when 2359 is divided by 1157?
45
Calculate the remainder when 1645 is divided by 808.
29
Calculate the remainder when 9093 is divided by 1817.
8
Calculate the remainder when 56006 is divided by 700.
6
What is the remainder when 2166 is divided by 440?
406
Calculate the remainder when 1774 is divided by 60.
34
Calculate the remainder when 132 is divided by 55.
22
Calculate the remainder when 59456 is divided by 159.
149
Calculate the remainder when 1512 is divided by 486.
54
Calculate the remainder when 21410 is divided by 10694.
22
Calculate the remainder when 48308 is divided by 47.
39
What is the remainder when 345400 is divided by 15017?
9
What is the remainder when 34448 is divided by 24?
8
Calculate the remainder when 3247 is divided by 1616.
15
What is the remainder when 33818 is divided by 1413?
1319
What is the remainder when 4345 is divided by 19?
13
Calculate the remainder when 4365 is divided by 3055.
1310
Calculate the remainder when 608 is divided by 202.
2
Calculate the remainder when 20206 is divided by 22.
10
Calculate the remainder when 4366 is divided by 3825.
541
Calculate the remainder when 6748 is divided by 197.
50
What is the remainder when 69564 is divided by 305?
24
What is the remainder when 17833 is divided by 582?
373
Calculate the remainder when 777 is divided by 777.
0
What is the remainder when 151131 is divided by 194?
5
Calculate the remainder when 1374 is divided by 1285.
89
Calculate the remainder when 873 is divided by 424.
25
What is the remainder when 70894 is divided by 14?
12
Calculate the remainder when 10715 is divided by 44.
23
Calculate the remainder when 14149 is divided by 2239.
715
What is the remainder when 64117 is divided by 589?
505
What is the remainder 